4.
1598
What is the highest common factor of 70026579 and 3591?
189
Calculate the greatest common factor of 92511 and 2931679.
541
Calculate the greatest common divisor of 1192 and 607324.
596
What is the highest common divisor of 371823276 and 132?
132
What is the highest common divisor of 26923 and 1757080?
1417
What is the highest common divisor of 466102 and 6107?
197
What is the highest common factor of 7500 and 60852?
12
What is the greatest common divisor of 3197 and 4423119?
139
Calculate the greatest common divisor of 27 and 5828373.
9
Calculate the highest common divisor of 4115 and 86620.
5
Calculate the highest common factor of 13104 and 15667470.
1638
What is the greatest common divisor of 9344 and 709560?
584
What is the greatest common divisor of 47 and 56533903?
47
What is the greatest common factor of 129993588 and 324?
36
Calculate the greatest common divisor of 933595 and 2756.
689
What is the greatest common factor of 8 and 80236172?
4
What is the highest common factor of 342 and 872708?
38
Calculate the greatest common divisor of 66 and 13203410.
22
Calculate the highest common divisor of 167911726 and 2018.
2018
Calculate the highest common factor of 240 and 18161880.
120
What is the highest common factor of 4354 and 3192104?
622
What is the greatest common factor of 14987753 and 11?
11
Calculate the highest common divisor of 2418222 and 1074.
6
What is the greatest common divisor of 10668 and 1903636?
28
Calculate the highest common divisor of 573505 and 4715.
115
Calculate the greatest common factor of 1777444656 and 2496.
624
What is the highest common factor of 40550 and 22716110?
8110
What is the greatest common divisor of 106522 and 19006?
442
Calculate the greatest common factor of 1510330129 and 77.
77
Calculate the highest common factor of 2527 and 4049489.
19
Calculate the greatest common divisor of 40170 and 8179860.
390
Calculate the highest common factor of 81784431 and 108.
27
What is the greatest common factor of 21855 and 2067855?
465
What is the greatest common divisor of 11 and 5696273?
11
Calculate the greatest common divisor of 5681 and 1510847.
299
What is the greatest common factor of 1681162 and 42?
14
What is the greatest common divisor of 6075098 and 209?
19
What is the greatest common divisor of 55554747 and 1818?
303
What is the highest common divisor of 524322557 and 11?
11
What is the greatest common factor of 26448 and 4970571?
1653
Calculate the highest common factor of 801 and 40428161.
89
Calculate the highest common factor of 3250 and 650204750.
3250
Calculate the greatest common divisor of 372696 and 4102.
586
Calculate the greatest common divisor of 51852867 and 106689.
2013
Calculate the highest common divisor of 42407164 and 15979.
551
Calculate the greatest common factor of 13116 and 35640.
12
Calculate the highest common divisor of 18189 and 3897.
9
What is the greatest common divisor of 57 and 9738678?
57
What is the greatest common factor of 24932 and 20815?
23
What is the highest common factor of 516841832 and 2392?
2392
Calculate the highest common factor of 8955 and 17618067.
1791
What is the highest common factor of 195189564 and 12?
12
What is the greatest common factor of 63 and 1658369979?
63
Calculate the greatest common factor of 1350 and 25047.
9
Calculate the greatest common divisor of 112933482 and 31755.
6351
Calculate the greatest common factor of 180 and 58129020.
180
Calculate the greatest common divisor of 220 and 52139890.
110
What is the greatest common factor of 46052 and 34?
2
What is the greatest common factor of 25900 and 9835?
35
What is the highest common factor of 190930 and 409798?
122
What is the greatest common divisor of 5184 and 110256?
48
Calculate the highest common factor of 70 and 245821310.
70
What is the highest common divisor of 131105 and 3138460?
65
Calculate the greatest common divisor of 126 and 6857970.
42
What is the highest common factor of 6 and 2028413?
1
What is the greatest common divisor of 1894890492 and 1452?
1452
Calculate the greatest common divisor of 148 and 1789246.
74
What is the highest common factor of 20602 and 128?
2
Calculate the greatest common divisor of 14511534 and 168.
6
Calculate the greatest common factor of 573407 and 31759.
349
Calculate the highest common divisor of 166019 and 1440327.
4487
Calculate the greatest common divisor of 1510267 and 709577.
2761
Calculate the greatest common divisor of 78 and 2633943.
39
Calculate the greatest common factor of 1274895215 and 13970.
6985
Calculate the highest common factor of 13025670 and 59094.
294
Calculate the greatest common divisor of 108 and 24600240.
108
What is the greatest common divisor of 6032 and 113495096?
3016
Calculate the highest common factor of 1888 and 679208.
472
Calculate the highest common factor of 38 and 27529233.
19
What is the highest common divisor of 6 and 1298529216?
6
Calculate the greatest common divisor of 258451074 and 58.
58
What is the highest common divisor of 1617 and 13436709?
33
Calculate the highest common factor of 1282 and 8582349.
641
What is the greatest common divisor of 1042 and 79757806?
1042
Calculate the greatest common divisor of 172 and 71767.
43
What is the highest common factor of 61 and 60259?
1
Calculate the highest common divisor of 15531054 and 462.
462
What is the highest common factor of 6302463 and 16?
1
Calculate the highest common factor of 95407347 and 21.
21
What is the highest common factor of 335680 and 20830?
10
What is the highest common divisor of 283588 and 2356?
124
What is the greatest common factor of 29727735 and 245850?
2235
What is the greatest common divisor of 528 and 454959120?
528
Calculate the highest common factor of 167 and 15582269.
167
What is the highest common divisor of 15 and 362887800?
15
Calculate the greatest common divisor of 4904 and 20048.
8
Calculate the greatest common divisor of 3944247 and 759.
69
What is the highest common factor of 1341095 and 875?
35
Calculate the highest common divisor of 494 and 207480741.
247
Calculate the highest common factor of 542 and 14040239.
271
Calculate the greatest common factor of 86975 and 52920.
245
Calculate the greatest common factor of 77 and 72520448.
77
What is the highest common divisor of 6855 and 226410?
15
What is the highest common divisor of 592 and 1208056?
8
Calculate the greatest common factor of 101949 and 22950.
51
Calculate the greatest common factor of 1998 and 641913.
111
Calculate the greatest common divisor of 2989 and 419924.
61
What is the greatest common divisor of 12027 and 6251?
19
What is the greatest common divisor of 163908 and 2862?
18
Calculate the highest common factor of 2123755 and 2690.
1345
What is the greatest common divisor of 50359959 and 702?
117
What is the greatest common divisor of 77 and 66317097?
77
What is the greatest common divisor of 14202 and 12887?
263
Calculate the greatest common divisor of 3410034 and 31642.
2434
Calculate the greatest common divisor of 9588102 and 803919.
4209
Calculate the greatest common divisor of 356 and 8317406.
178
What is the highest common factor of 3 and 524793?
3
What is the greatest common divisor of 785464 and 475828?
188
What is the highest common divisor of 14477188 and 132?
44
What is the greatest common factor of 2935400 and 6786?
26
What is the greatest common divisor of 2373 and 1506792?
21
Calculate the highest common factor of 333566898 and 14938.
1358
What is the highest common divisor of 3405 and 134735850?
3405
Calculate the greatest common factor of 66521717 and 1588.
397
Calculate the highest common divisor of 107 and 214229.
1
What is the highest common factor of 20619255 and 15?
15
Calculate the highest common factor of 1557 and 64169679.
519
Calculate the greatest common divisor of 36676 and 997172.
692
Calculate the highest common factor of 133 and 50312297.
7
What is the highest common divisor of 184 and 311024?
8
What is the greatest common divisor of 80 and 32222224?
16
What is the greatest common divisor of 13244228 and 12?
4
What is the highest common factor of 39 and 2401659?
39
Calculate the greatest common divisor of 2806 and 1410958.
46
What is the greatest common divisor of 83796 and 2472?
12
Calculate the highest common